-2))?
-5
What is 1 + 0 + 1 + 9 + -10?
1
What is the value of 1 - 2 - -1 - 0?
0
Calculate 0 + -8 + (149 - 144).
-3
Calculate 4 + -22 + (-2 - (-3 - 6)).
-11
What is 12 + -4 + -2 + 2 + -4?
4
Evaluate -7 + 9 + (2 - 0).
4
Evaluate -1 - ((8 - 4) + -1 + -8).
4
Evaluate 1 - 6 - ((-7 - 0) + 2).
0
What is (-4 + 3 - -3) + 3?
5
Calculate 1 - (-11 - -5 - -10).
-3
Evaluate -12 + (2 - -2 - -4).
-4
Evaluate 3 - 1 - (-2 + 5).
-1
Evaluate -1 - (-1 - -4) - -2.
-2
-1 + 1 - (0 - 0) - -1
1
What is the value of 0 + -1 + (1 + -1 - -3)?
2
What is the value of 1 + 2 - 8 - (-8 - -4)?
-1
What is the value of (-5 - -8 - 1) + 3?
5
What is the value of 4 - (3 + 3 + -2)?
0
What is the value of -4 + 0 + -12 + 11?
-5
Calculate -8 + 1 - (7 + 1 + -9).
-6
What is (-2 - (-2 - (2 - 4))) + -2?
-4
Calculate (-1 - (0 - 5)) + -5.
-1
Calculate -2 - ((-4 - 0) + 0) - -2.
4
What is the value of -5 + -2 + 23 + -8?
8
What is 5 - (12 + 4 + -10)?
-1
Evaluate 2 + 3 - (2 + 3).
0
-25 - -15 - (-10 + 2)
-2
Calculate -7 - (7 + (7 - 27)).
6
Evaluate -3 + (4 - (10 - 4)).
-5
(9 - (1 - -1)) + (1 - 3)
5
Calculate 4 + 0 + (2 - (3 + -3)).
6
Evaluate ((2 - 4) + 6 - 9) + 1.
-4
-1 + -6 - (7 - (-1 + 11))
-4
Calculate (6 - -1) + -8 - 6.
-7
Evaluate (-9 + 2 - -8) + 2.
3
Calculate -4 - (8 + (-1 - 0)).
-11
Calculate 0 - (8 - (7 - (7 - 4))).
-4
Evaluate (-2 - 0) + (-7 - -6).
-3
Evaluate (36 - 39) + (2 - -2 - 1).
0
Evaluate 1 - -6 - (4 + (7 - 6)).
2
Evaluate 7 + -8 + (4 - 3) + 3.
3
-3 + 7 - 5 - (-5 + 1)
3
Evaluate 9 + (13 - 20) - (9 - 0).
-7
Calculate 7 + (8 - 32 - -13).
-4
What is the value of 1 + 2 + -6 + (-4 - -8)?
1
What is the value of 5 - (5 + (-3 - -4))?
-1
Evaluate 0 + 3 + (-6 - -2 - -2).
1
Calculate (-1 - 2 - -1) + -1 + 4.
1
What is (1 - 7) + -2 - -6?
-2
Evaluate -2 - 0 - -5 - (5 + -6).
4
Calculate 0 + 4 + -8 - 1.
-5
Calculate 5 + (-1 - -1) - 3.
2
What is (-2 - 2) + (15 - 14) - -10?
7
What is 22 + -24 - (-3 + 0)?
1
Evaluate -4 - -1 - (-4 - (-3 + 3)).
1
What is (-6 - (1 + -1)) + (0 - -4)?
-2
What is the value of (8 - -2 - 27) + 11?
-6
What is the value of (-14 - -7) + -2 + 3?
-6
Calculate -2 + 9 + -3 + 1.
5
What is the value of -6 + (0 - -2 - -2)?
-2
Evaluate 22 + -25 - (1 + -12).
8
Calculate 5 + -11 + 0 + (-3 - -13).
4
Evaluate 6 + 0 - 1 - (-32 - -35).
2
What is (3 - 0 - (4 + 1)) + 4?
2
(5 - 4 - 6) + 9
4
-5 - 1 - (-7 + 24 - 15)
-8
What is the value of (-3 - 2) + 2 - (-12 - -11)?
-2
Evaluate 0 + -2 + -1 - (14 - 22).
5
Calculate 3 - -4 - (26 + -19) - -7.
7
Evaluate 1 + 3 + 10 + -4 + -6.
4
What is the value of 9 + -5 + -2 + -2 - -2?
2
-17 - (0 - 6) - -6
-5
What is the value of -3 + -2 + (-1 - (-4 - -2))?
-4
What is 2 - 7 - -2 - (-16 + 17)?
-4
Evaluate (0 - 9) + (-2 - -6).
-5
What is 11 + -1 + 13 + -29?
-6
What is -6 - (7 - 12) - (0 + -1)?
0
What is the value of -1 + 8 - (54 - 41)?
-6
Evaluate (-7 - -15 - 1 - -4) + -3.
8
Evaluate 3 + -7 + (7 - 3).
0
What is the value of -2 + 5 - 0 - (-1 + 3)?
1
What is the value of 2 + -7 + 4 + (2 - 4)?
-3
(-8 - -12 - -13) + -9
8
Calculate 6 + (4 - 2) + (1 - 4).
5
Evaluate 8 - (11 + 5 + -9).
1
What is (2 - 1) + (-3 - (-1 + -3))?
2
Calculate 2 + -2 + -2 + 1 + 2.
1
What is the value of 2 + (-6 - -2) + -6 + 9?
1
What is the value of 0 + -2 - -1 - -1?
0
What is 3 + -1 - -1 - 4 - -5?
4
Evaluate -14 + 1 + 7 + (-3 - -5).
-4
Evaluate 0 - 2 - (-4 + 1 + 2).
-1
What is the value of -1 - (5 + -5 - -4)?
-5
Calculate (1 - -3) + (-1 - (1 + -1)).
3
Evaluate -5 + (2 + -4 - -4).
-3
What is the value of -12 - ((-5 - 3) + 7 + -4)?
-7
10 - (-2 - -4 - 1 - -4)
5
(5 - 1) + (-44 - -45)
5
What is the value of 6 + -1 + (-2 - 14) - -5?
-6
Calculate (23 + -6 - 6) + -16.
-5
(-21 - -10 - -9) + (3 - 0)
1
Calculate 14 + (-6 - -6) + -10.
4
What is the value of (1 - (19 + 2)) + 6 + 6?
-8
What is -2 + -5 + (9 - 4) - -7?
5
(-16 - -9) + (4 + -1 - 1)
-5
Calculate -1 - -1 - 5 - -5.
0
Evaluate -4 - (1 + -6) - (7 + -2).
-4
Calculate -1 + 3 + -1 + 1 + 1.
3
What is (9 - (4 - 3)) + -4 + -5?
-1
What is -5 + 5 - 9 - -2?
-7
Calculate -5 + (2 - 10) + 7.
-6
What is 57 + -59 + (-2 - -2)?
-2
What is the value of 6 - 0 - 5 - 1?
0
What is 3 - -3 - (29 + -17)?
-6
What is -3 + 0 + 6 + -4?
-1
What is the value of -8 + 6 + -1 + -2?
-5
Calculate 5 - (-5 - (-6 - -2)).
6
-3 + 0 + 4 + 1
2
What is (7 - 0) + 6 + -23?
-10
Calculate -14 - -21 - (1 - -1).
5
What is (11 - 7) + 3 + -2?
5
What is the value of (-7 - (10 + -6)) + 8?
-3
Evaluate -10 - (-9 - (11 + -14)).
-4
Evaluate 80 + -90 - (-3 - 0).
-7
Calculate 3 - (7 - (-4 - (0 - 3))).
-5
Calculate 2 - (-1 + -4 + 0 + 6).
1
What is the value of 6 + -8 + 8 - 6?
0
What is the value of 6 - (2 - 3) - 12?
-5
What is the value of (-10 - 4) + 10 + 8?
4
11 + -9 + 2 + -1 + -9
-6
Evaluate -6 - (-2 + (-12 - -10)).
-2
Calculate -3 + -4 - (-5 - 0).
-2
Evaluate (-8 + 8 - (0 + 1)) + 1.
0
Calculate 0 - -8 - (89 + -82).
1
Evaluate 3 + -1 + 4 + 3 + -8.
1
What is 0 - (9 - 4 - 2 - 1)?
-2
Evaluate -3 + (7 - 3 - 2).
-1
What is 0 + (-8 - -3) + 10?
5
What is the value of -2 + (3 - 14 - -8)?
-5
What is the value of 9 - -1 - (16 + -5)?
-1
Calculate -20 + -9 - -6 - -14.
-9
Evaluate (-7 + 1 - 2 - -4) + 0.
-4
Calculate 2 + (-14 - (7 + -26)).
7
(-1 - -8) + (7 - 14) - -2
2
What is the value of (-10 - -7) + 1 + -2?
-4
Evaluate 36 - 32 - (-1 + 0) - -1.
6
What is the value of 1 - -1 - (-1 + -1 + 1)?
3
What is -5 + 4 + -3 - -5?
1
Calculate -1 + -6 + (-6 - -10).
-3
What is the value of 10 - 0 - (8 - (1 - -1))?
4
What is the value of 57 + -52 + -7 + -2?
-4
Calculate -7 + -1 + 3 - (-1 + 0).
-4
Calculate 2 - (0 + 5 + -5).
2
Evaluate -1 - (-6 + (-7 - -19)).
-7
Evaluate 10 + (-12 - -9) - 5.
2
-2 + 5 + -2 + -3 + 6
4
Evaluate 4 - (2 - -3) - -7.
6
What is the value of 3 + -3 + -2 - (4 - 6)?
0
What is the value of (-1 - 0) + -15 + 11?
-5
Calculate 2 - (1 - -1 - 0).
0
What is 1 - (8 + -1 + -2)?
-4
What is -5 - -9 - (-13 - -11) - 8?
-2
0 - 5 - (-19 + 7 + 5)
2
What is the value of 2 + (0 - (3 - 7))?
6
Evaluate 0 + -2 - (-95 + 89).
4
What is the value of 19 + -14 + (-11 - 3)?
-9
What is -1 + (2 - -2) - (-6 + 14)?
-5
What is -3 + 3 + 4 - 8?
-4
What is 3 - (-6 + 0 + 9)?
0
Calculate -1 + -6 - (-129 + 115).
7
Evaluate 0 + 4 + 9 + -15.
-2
9 + -8 - (2 + -7)
6
Calculate 21 + -9 - (4 - (0 - 3)).
5
What is 0 + 13 + (-42 - -26)?
-3
What is the value of 1 + 13 + -5 + (-1 - 3)?
5
Calculate 6 + -1 + 0 + 0 + -1.
4
Evaluate -6 - (5 + 4 - 14).
-1
0 + -9 - (3 + (4 - 10))
-6
What is the value of (49 - 21 - 25) + (1 - 1)?
3
Evaluate (-1 + -2 - -2) + (1 - 2).
-2
6 - (3 - (2 + (1 - -4)))
10
What is the value of 11 + -7 + -3 + 5?
6
Calculate -6 + (4 - (7 + -4)).
-5
What is the value of 5 - 2 - (1 + 0)?
2
Evaluate -1 - -5 - -2 - 2.
4
What is 5 + (-4 - (2 - (2 + 0)))?
1
Evaluate -6 + (11 - 5) - (4 - 5).
1
What is the value of 8 - (-4 + 4) - 7?
1
Calculate 9 - 1 - (14 - 26 - -16).
4
Evaluate 3 + -12 - (-1 + -5 + 3).
-6
8 + -7 - (-3 + 1)
3
Evaluate -3 + -2 + (5 - -2).
2
What is the value of -8 + (6 - (8 + -13))?
3
(29 + -31 - (-1 - -5)) + 0
-6
What is the value of 11 + -2 + 2 - 6?
5
-11 - -5 - (-2 + -6)
2
Evaluate 14 + -22 - (3 + -2 + -8).
-1
What is -30 + 21 - (0 + -6)?
-3
What is the value of 2 + -1 + 0 - (-29 - -33)?
-3
(5 - 4) + 2 + -5
-2
What is (5 - 5) + (0 - -1)?
1
Evaluate -9 + 4 + (0 - 2) + 2.
-5
What is the value of (-12 - 2 - -5) + 18?
9
Calculate -8 - -9 - (1 + 4).
-4
What is 2 + -5 + 3 + -3 + 4?
1
Evaluate 1 + -6 - (9 - 13).
-1
What is (-5 - -2) + 7 + -2 - -1?
3
-1 + 3 + (-16 - -18)
4
What is 5 + (0 - 6) - -3?
2
6 + -7 + (13 - 6)
6
What is -18 + 13 - (0 + -8)?
3
What is the value of 10 - (-4 - -10) - 4?
0
Calculate 6 - (1 + -2) - (6 + -2).
3
What is 2 - -3 - (0 + 13)?
-8
Evaluate (-70 - -70) + (0 - 0).
0
Calculate 8 - (18 + 1 + -14).
3
What is 8 + -5 + -8 - -2 - 2?
-5
Evaluate -4 - (-1 - (6 - 8)).
-5
What is the value of -1 - (-9 - (-13 + 2))?
-3
(4 - (-1 - -2)) + -2
1
Evaluate 2 - (-3 - -5 - (-2 + 5)).
3
Calculate 1 + 0 + (46 - 53).
-6
What is the value of 7 + (3 - 7) + 1?
4
Calculate 34 + -32 + (-4 + 1 - 3).
-4
Evaluate -2 - (0 - (-4 + 2)) - -8.
4
Calculate -1 + 1 - -3 - -5 - 2.
6
What is the value of -3 - (-3 + 0 + 2 + 0)?
-2
What is the value of -6 + -1 + 7 + 13 + -19?
-6
What is the value of 6 - -1 - (-1 - (-10 - -6))?
4
-3 + 4 - (-4 - (1 + -7))
-1
What is the value of (-12 - (11 - 13)) + 10?
0
What is -6 + 6 + 0 + -3 - 3?
-6
(-4 - (5 + -17 + -1)